 -1. Suppose -p*y = -a*v + 85, 0 = 5*v - 0*v - y - 97. Is v a multiple of 12?
False
Let w(j) = j**2 + 3*j + 3. Let h be w(-3). Suppose 4*l = -2*d + 24, -h*l - 1 + 19 = 2*d. Does 5 divide l?
False
Let d(s) = 3*s**2 + 4*s - 3. Let h(p) = -p + 12. Let t be h(9). Does 15 divide d(t)?
False
Let x(y) = y**3 - 8*y**2 + 10*y - 10. Suppose 4*d + 22 = 98. Suppose -3*j = -g - g - d, -3*j + 26 = 5*g. Is x(j) a multiple of 10?
False
Let q(c) = -2*c**3 - c**2 - 3*c - 3. Let u be q(-2). Let g be u*((-8)/(-6))/4. Suppose -62 = -3*d - g*j, d - j = 5*d - 77. Is d a multiple of 19?
True
Let p(f) = 4*f - 8. Is p(9) a multiple of 9?
False
Suppose -v + 6 = -0*v. Is 6 a factor of v?
True
Suppose 3*r + 3*t - 175 = t, -2*r - 3*t = -115. Does 19 divide r?
False
Let l(p) be the second derivative of p**6/90 - p**5/60 + 5*p**4/12 + 2*p. Let c(j) be the third derivative of l(j). Is 18 a factor of c(7)?
True
Suppose -4*i + 84 = 10*i. Does 4 divide i?
False
Let d(j) = -j**3 - 13*j**2 + 10*j + 24. Does 5 divide d(-14)?
True
Let q(s) = -s**3 + 3*s**2 + 2*s - 3. Let o be q(3). Suppose -f = -o, -2*f = -2*r + 98 - 18. Is r a multiple of 26?
False
Let t = -62 + 203. Suppose s = -4*z - 0*s + 213, -3*z = -3*s - t. Suppose -q - q = -z. Is 14 a factor of q?
False
Suppose 6*z - 33 = 3. Does 2 divide z?
True
Let h be 4/(-10) + (-60)/(-25). Suppose -4 = -2*x + h. Suppose 5*p + x*w - 132 = 0, -5*p + 100 = 3*w - 8*w. Is 12 a factor of p?
True
Suppose 4*w = -3*n + 307, 2*n - 3*w - 216 = -0*w. Is n a multiple of 16?
False
Let p be (-3 - -1)/((-4)/6). Suppose 0 = -s - p*s - 8. Does 14 divide s/(-8) + (-222)/(-8)?
True
Suppose -7*k + 235 = -276. Is k a multiple of 31?
False
Let s(b) = 2*b**2 + 5*b - 10. Let i(m) = -4*m**2 - 9*m + 21. Let z(o) = 2*i(o) + 5*s(o). Does 6 divide z(-6)?
False
Let y(v) = -v - 1. Let i be y(-3). Let r = i + 7. Is r a multiple of 3?
True
Suppose -177 = -3*f + 411. Does 9 divide 2/3 + f/12?
False
Is (-3 + 2)*1 - -1*119 a multiple of 41?
False
Let n be 0 + 35 + 2 - 3. Let o = n + -10. Is 7 a factor of o?
False
Suppose 25 = 3*q - 8*q. Let k(y) = -2*y - 6. Let b be k(q). Suppose -b = -d + 6. Is 6 a factor of d?
False
Let v(z) = -3*z**3 - z**2 - 2*z - 1. Let p be v(-1). Let l be (p - (2 - 1)) + 0. Does 12 divide (0 + 1)/l*48?
True
Suppose 2*u = -3*u - 30. Let v be u/(-5)*(-10)/3. Let g(o) = o**2 - 3. Is 7 a factor of g(v)?
False
Suppose 2*u = 2 + 2. Suppose 0 = -u*b - b + 9. Suppose -y - 65 = -4*y - 5*p, 0 = -5*y - b*p + 87. Does 8 divide y?
False
Suppose 2*x = x + 5. Is 2 a factor of x?
False
Let r(s) = -12*s**3 - s**2 - s. Let k be 3/(-1 - (-2 - 0)). Suppose -2 = -j - k. Does 12 divide r(j)?
True
Suppose 81 = 2*n + 21. Suppose -4*z - 8 = 4*s, 3*s = 2*z - 2*s - 17. Let b = n - z. Is 12 a factor of b?
False
Suppose 8 = -l + 3*l. Suppose -8 = -2*r + 2*u, 2*r + 1 = l*u + 3. Is 2 a factor of r + 3/(-3 - 0)?
True
Suppose 6*n - 5*f - 100 = n, 5*n - 3*f = 92. Suppose w + w - n = 0. Suppose -2*q = -w + 2. Is 3 a factor of q?
True
Suppose -8 = -t - 0*t - 5*d, 4*t - 4*d - 8 = 0. Suppose -2*n + 42 = t*n - j, 5*n = -j + 38. Is 6 a factor of n?
False
Suppose -5*u + 9 = -6. Suppose 0 = -2*h + 6*h - 4, 5*h + 409 = u*f. Suppose -f = -5*m - 13. Is m a multiple of 13?
False
Let b = -5 + 8. Suppose 0 = z + b*z - 12. Suppose 0*d = -2*d + 4*h + 24, 125 = 5*d + z*h. Does 11 divide d?
True
Suppose -y - 2*s = -6*y + 72, 5*s + 44 = 4*y. Suppose -k = -44 + y. Is 2 a factor of (k/(-4 - -2))/(-2)?
False
Let d be 0 + (-6)/(-5 + 2). Is 11 a factor of 6 - -6 - 2/d?
True
Suppose 8*a = -3*a + 451. Is a a multiple of 11?
False
Let z(n) = 2*n**2 + 4*n + 3. Let a be z(-2). Suppose -2*q + 4*g - 16 = 0, g - 16 = -4*q - a*g. Suppose 2*k + 3*k - 70 = q. Is k a multiple of 14?
True
Let w(x) = x**2 + 5*x + 3. Let q be w(-3). Let l be (2/q)/((-4)/66). Let c = 23 - l. Is 4 a factor of c?
True
Is (28/5)/((-4)/(-30)) a multiple of 14?
True
Does 7 divide 2/4 + 390/12?
False
Suppose -5*x + 42 = -53. Is 6 a factor of x?
False
Let l = -8 - -11. Let h be 48/(-1)*l/(-6). Is 20 a factor of (-26 - 2)*h/(-28)?
False
Suppose -y - 2*y = -12. Let n(k) = k**3 - 5*k**2 + 3*k + 4. Let p be n(y). Suppose 2*c - 3*o - 23 = -3, p = -3*c - 3*o + 15. Is 5 a factor of c?
False
Suppose -113 = -6*d + 181. Is d a multiple of 7?
True
Let b be 2/6 - 244/3. Let p = 129 + b. Does 24 divide p?
True
Let b = 6 - 4. Suppose -3*m - b*m = -60. Suppose 0*q + m = 4*q. Is 3 a factor of q?
True
Let q = -3 + 3. Suppose 2*n - n - 62 = q. Is 13 a factor of n?
False
Let z(o) = -33*o + 1. Let s be ((-8)/(-3))/((-2)/6). Let h(m) = 49*m - 2. Let r(n) = s*z(n) - 5*h(n). Is 20 a factor of r(2)?
True
Suppose 0 = -4*b + 61 + 143. Is 43 a factor of b?
False
Let z(i) = -i**2 + 8*i - 1. Let p be z(7). Let s(d) = 2*d**2 - 5*d - 4. Let k be s(p). Is (-2)/(-4)*(k + -10) a multiple of 7?
True
Let v(b) = -15*b - 1. Suppose 8*q = 4*q - 32. Is 25 a factor of v(q)?
False
Does 39 divide 119*1 - (6 - (0 - -4))?
True
Let s = 231 - 45. Does 11 divide s?
False
Let p(o) = -o**3 + o**2 + 5. Let i be p(0). Suppose -4*w + 8*s = 3*s - 49, -i = s. Is w a multiple of 2?
True
Suppose 3*n + 3*y = 5*y + 2, -5*n - 2*y = -30. Suppose 0 = 2*h - 0 + n. Does 6 divide h/(-6) + 141/9?
False
Let l = -89 - -79. Suppose 0 = -5*t + 4*v + 188, v + 172 = 4*t + 5*v. Let j = l + t. Is j a multiple of 8?
False
Let f(v) = v**2 + 2*v - 8. Is f(-5) even?
False
Let n = -6 - -6. Suppose -3*z + 2*p + 100 = n, z + 2*p - 11 - 33 = 0. Is 14 a factor of z?
False
Does 11 divide (-546)/(-10) - 8/(-20)?
True
Let n = 5 - 0. Suppose 0 = -n*j + 2*j + 12. Suppose 5*s - 2*q - 157 = 43, 2*s + j*q - 56 = 0. Does 14 divide s?
False
Suppose -5*a - 18 = -f - 95, a - 2*f = 19. Does 4 divide a?
False
Suppose -2*t = 5*i - 87, t = -6*i + i + 86. Is 9 a factor of i?
False
Let h(a) = -a**3 + 8*a**2 - 7*a - 12. Is 9 a factor of h(6)?
True
Suppose -2 = -3*p + 4. Suppose 5*b = 4*c + 124, -2*b - 4*c + 42 + p = 0. Is 12 a factor of b?
True
Let f(b) = 2*b**2 - 3*b + 14. Is 21 a factor of f(-8)?
False
Is 6 a factor of 1/4 - (-7710)/40?
False
Suppose 4*u - 178 = -2*o + o, o = -2. Is u a multiple of 9?
True
Let q(b) = 5*b - 8. Let h be q(6). Does 3 divide 1/2*h - 0?
False
Suppose -v + 1 = -1. Suppose -v*y - 13 = 5*a - 40, 3*y + 12 = 3*a. Let i(n) = 6*n**3 + n**2 - n + 1. Is i(y) a multiple of 7?
True
Suppose 0*v + 3*v = 0. Let f(g) = 2*g**2 - 3*g - 1. Let j be f(-3). Suppose 4*z + r = 5 + 17, -4*z - 3*r + j = v. Is z a multiple of 5?
True
Let k = 2 - 2. Suppose 0 = -k*a + a + 6. Let r(h) = -3*h + 8. Is 11 a factor of r(a)?
False
Suppose 0 = -25*t + 27*t - 656. Does 61 divide t?
False
Let d(l) = 8 + 0 - 2*l**3 - l + l**3 + 4*l - 6*l**2. Does 18 divide d(-7)?
True
Let z be (-13)/(-2) + (-2)/(-4). Suppose 2*l = z*l - 45. Is 8 a factor of l?
False
Let p(a) = 7*a - 6. Is p(9) a multiple of 19?
True
Suppose -o + 2*f - f + 8 = 0, -f = -4*o + 38. Suppose 0*a - o = -2*a. Let u = a + -3. Does 2 divide u?
True
Let o = -225 + 368. Does 13 divide o?
True
Let y(t) = -t + 6. Let w be y(4). Let s be -1*(0/w - -12). Does 4 divide s/8*20/(-6)?
False
Suppose -4*q + 247 = 39. Does 13 divide q?
True
Suppose -4*q + 21 = -3. Let j(z) = 2*z + 4. Does 16 divide j(q)?
True
Suppose -7*t + 50 + 20 = 0. Is 3 a factor of t?
False
Let y(o) = o - 3. Suppose 3*a = 6*a - 21. Does 4 divide y(a)?
True
Is (-2)/(-7) - 1880/(-35) a multiple of 26?
False
Let s(c) = 5*c + c + 0*c**2 + 10 + c**2 + 0. Is s(-4) a multiple of 2?
True
Let y = 143 - -5. Is y a multiple of 37?
True
Suppose 0 = 2*s - d, 2*d - 7 = -5*s + 11. Suppose -s*p - 155 = -7*p. Is 12 a factor of p?
False
Suppose 4*d + 5*t - 20 = -4, -5*t - 4 = -d. Suppose -a - d*a = -20. Suppose h - 39 = -a*p, 4*p + h - 27 = 4*h. Is 5 a factor of p?
False
Suppose 3*z + 5*l - 613 = 0, 0*z = 4*z - 3*l - 769. Suppose -4*s + z = -2*w, -w + 5*s - 291 = 2*w. Let p = 130 + w. Is p a multiple of 14?
False
Let n be 7/((1 - -1) + -1). Let z = n + -3. Suppose -7*j + 2*j = -z*d - 142, -3*j - 4*d = -98. Does 15 divide j?
True
Does 7 divide 17 + -21 + (54 - 1)?
True
Let u(s) = -5*s. Let c be u(-2). Suppose -p + 9 + c = 0. Is p a multiple of 11?
False
Let z(j) be the third derivative of 3*j**6/40 + j**2. Does 8 divide z(1)?
False
Let b(v) = v**3 - 3*v**2 + 2*v + 5. Let f be b(4). Let o = f - 21. Is 8 a factor of o?
True
Let i(o) = 5*o - 1 - 4*o**